{"id":4565,"date":"2020-05-14T00:55:37","date_gmt":"2020-05-13T22:55:37","guid":{"rendered":"http:\/\/max-prop.info\/site\/?page_id=4565"},"modified":"2020-05-31T18:00:52","modified_gmt":"2020-05-31T16:00:52","slug":"max-prop-boomerang","status":"publish","type":"page","link":"https:\/\/max-prop.info\/site\/max-prop-boomerang\/","title":{"rendered":"Max Prop Boomerang"},"content":{"rendered":"<ul>\n<li>\u00a0Nuevo dise\u00f1o<img decoding=\"async\" loading=\"lazy\" class=\"wp-image-4632 alignright\" src=\"http:\/\/max-prop.info\/site\/wp-content\/uploads\/2020\/05\/015-Maxpro-5-pale-front.jpg\" alt=\"\" width=\"363\" height=\"363\" srcset=\"https:\/\/max-prop.info\/site\/wp-content\/uploads\/2020\/05\/015-Maxpro-5-pale-front.jpg 768w, https:\/\/max-prop.info\/site\/wp-content\/uploads\/2020\/05\/015-Maxpro-5-pale-front-300x300.jpg 300w, https:\/\/max-prop.info\/site\/wp-content\/uploads\/2020\/05\/015-Maxpro-5-pale-front-150x150.jpg 150w\" sizes=\"(max-width: 363px) 100vw, 363px\" \/>\u00a0 en 3, 4 y 5 palas.<img decoding=\"async\" loading=\"lazy\" class=\"wp-image-4634 alignright\" src=\"http:\/\/max-prop.info\/site\/wp-content\/uploads\/2020\/05\/017-Maxpro-5-pale-profile.jpg\" alt=\"\" width=\"360\" height=\"360\" srcset=\"https:\/\/max-prop.info\/site\/wp-content\/uploads\/2020\/05\/017-Maxpro-5-pale-profile.jpg 768w, https:\/\/max-prop.info\/site\/wp-content\/uploads\/2020\/05\/017-Maxpro-5-pale-profile-300x300.jpg 300w, https:\/\/max-prop.info\/site\/wp-content\/uploads\/2020\/05\/017-Maxpro-5-pale-profile-150x150.jpg 150w\" sizes=\"(max-width: 360px) 100vw, 360px\" \/> <img decoding=\"async\" loading=\"lazy\" class=\"wp-image-4635 alignright\" src=\"http:\/\/max-prop.info\/site\/wp-content\/uploads\/2020\/05\/018-Maxpro-5-pale-top.jpg\" alt=\"\" width=\"361\" height=\"361\" srcset=\"https:\/\/max-prop.info\/site\/wp-content\/uploads\/2020\/05\/018-Maxpro-5-pale-top.jpg 768w, https:\/\/max-prop.info\/site\/wp-content\/uploads\/2020\/05\/018-Maxpro-5-pale-top-300x300.jpg 300w, https:\/\/max-prop.info\/site\/wp-content\/uploads\/2020\/05\/018-Maxpro-5-pale-top-150x150.jpg 150w\" sizes=\"(max-width: 361px) 100vw, 361px\" \/><\/li>\n<li>\u00a0Muy baja resistencia durante la navegaci\u00f3n a vela<\/li>\n<li>\u00a0Gran potencia marcha avante en todas las condiciones<\/li>\n<li>\u00a0Excelente respuesta marcha atr\u00e1s<\/li>\n<li>\u00a0Paso regulable incluso en el agua<\/li>\n<li>\u00a0Instalaci\u00f3n como una h\u00e9lice fija, podr\u00eda efectuarse eventualmente bajo el agua<\/li>\n<li>\u00a0Regulaci\u00f3n separada de paso tanto para marcha avante como archa atr\u00e1s<\/li>\n<li>\u00a0Ideal para embarcaciones de gran eslora o barcos con gran desplazamiento.<\/li>\n<li>\u00a0Disponible de 16 a 47 pulgadas de di\u00e1metro<\/li>\n<li>\u00a0Para ejes a partir de 35 mm.<\/li>\n<li>Ideal para la instalaci\u00f3n sobre barcos con reductora hidr\u00e1hulica.<\/li>\n<\/ul>\n<p>MAX PROP BOOMERANG, junto a la Max Prop Whisher, es la \u00fanica 5 palas del mercado cuyas palas no son fijas. Est\u00e1n caracterizadas por ofrecer un funcionamiento silencioso con un empuje vigoroso, sobre todo con viento fuerte y mucha mar. Las cinco palas permiten mantener la velocidad con un n\u00facleo robusto que ha sido probado en grandes esloras y gran di\u00e1metro.<\/p>\n<p>MAX PROP BOOMERANG se basa en la tecnolog\u00eda adoptada sobre la MAX P<img decoding=\"async\" loading=\"lazy\" class=\"wp-image-4639 alignleft\" src=\"http:\/\/max-prop.info\/site\/wp-content\/uploads\/2020\/05\/037-Maxpro.jpg\" alt=\"\" width=\"396\" height=\"396\" srcset=\"https:\/\/max-prop.info\/site\/wp-content\/uploads\/2020\/05\/037-Maxpro.jpg 768w, https:\/\/max-prop.info\/site\/wp-content\/uploads\/2020\/05\/037-Maxpro-300x300.jpg 300w, https:\/\/max-prop.info\/site\/wp-content\/uploads\/2020\/05\/037-Maxpro-150x150.jpg 150w\" sizes=\"(max-width: 396px) 100vw, 396px\" \/>ROP EASY, que se suministra en algunos di\u00e1metros de eje en tres 4 o 5 palas, totalmente ensamblada y lubrificada. La extrema facilidad de instalaci\u00f3n y la simplicidad en la regulaci\u00f3n de paso, convierten a este modelo de h\u00e9lice en un elemento indispensable en una ampl\u00edsima gama de barcos a vela de gran eslora, barcos met\u00e1licos de desplazamiento, con quillas corridas, etc. La Max Prop Boomerang se suministra completamente ensamblada y lubricada, quedando la regulaci\u00f3n del paso y la instalaci\u00f3n de una manera tan simple i r\u00e1pida como la de un h\u00e9lice fija. Como todas las MAX PROP, tambi\u00e9n el modelo BOOMERANG es regulable con incrementos de paso de medio grado en medio grado cada vez, para afinar la carga de trabajo a las caracter\u00edsticas de motor.<\/p>\n<p>La Max Prop Boomerang consiste en una h\u00e9lice de 5 palas de funcionamiento igual que la Whisper pero con una peculiaridad interesante para los barcos que disponen de reductoras hidr\u00e1ulicas. En ese caso es sabido que al detener el motor el eje gira libremente y solo si se instala alg\u00fan freno en el eje, se puede detener su giro.<\/p>\n<p>Pues bien, en el caso de la Boomerang, la propia h\u00e9lice se coloca en bandera al detenerse el motor.<\/p>\n<p>\u00a0<\/p>\n<p><img decoding=\"async\" loading=\"lazy\" class=\"alignnone size-full wp-image-4568\" src=\"http:\/\/max-prop.info\/site\/wp-content\/uploads\/2020\/05\/HOME3-scaled.jpg\" alt=\"\" width=\"2560\" height=\"1280\" srcset=\"https:\/\/max-prop.info\/site\/wp-content\/uploads\/2020\/05\/HOME3-scaled.jpg 2560w, https:\/\/max-prop.info\/site\/wp-content\/uploads\/2020\/05\/HOME3-300x150.jpg 300w, https:\/\/max-prop.info\/site\/wp-content\/uploads\/2020\/05\/HOME3-1024x512.jpg 1024w, https:\/\/max-prop.info\/site\/wp-content\/uploads\/2020\/05\/HOME3-768x384.jpg 768w, https:\/\/max-prop.info\/site\/wp-content\/uploads\/2020\/05\/HOME3-1536x768.jpg 1536w, https:\/\/max-prop.info\/site\/wp-content\/uploads\/2020\/05\/HOME3-2048x1024.jpg 2048w\" sizes=\"(max-width: 2560px) 100vw, 2560px\" \/><\/p>\n\n\n<figure class=\"wp-block-embed-youtube wp-block-embed is-type-video is-provider-youtube wp-embed-aspect-4-3 wp-has-aspect-ratio\"><div class=\"wp-block-embed__wrapper\">\n<iframe loading=\"lazy\" title=\"new MAXPROP BOOMERANG model 5 bladed part. 1\" width=\"640\" height=\"480\" src=\"https:\/\/www.youtube.com\/embed\/p8D_PdDaZdo?feature=oembed\" frameborder=\"0\" allow=\"accelerometer; autoplay; encrypted-media; gyroscope; picture-in-picture\" allowfullscreen><\/iframe>\n<\/div><\/figure>\n","protected":false},"excerpt":{"rendered":"<p>\u00a0Nuevo dise\u00f1o\u00a0 en 3, 4 y 5 palas. \u00a0Muy baja resistencia durante la navegaci\u00f3n a vela \u00a0Gran potencia marcha avante en todas las condiciones \u00a0Excelente respuesta marcha atr\u00e1s \u00a0Paso regulable incluso en el agua \u00a0Instalaci\u00f3n como una h\u00e9lice fija, podr\u00eda efectuarse eventualmente bajo el agua \u00a0Regulaci\u00f3n separada de paso tanto para marcha avante como archa [&hellip;]<\/p>\n","protected":false},"author":1,"featured_media":0,"parent":0,"menu_order":0,"comment_status":"closed","ping_status":"closed","template":"","meta":{"footnotes":""},"_links":{"self":[{"href":"https:\/\/max-prop.info\/site\/wp-json\/wp\/v2\/pages\/4565"}],"collection":[{"href":"https:\/\/max-prop.info\/site\/wp-json\/wp\/v2\/pages"}],"about":[{"href":"https:\/\/max-prop.info\/site\/wp-json\/wp\/v2\/types\/page"}],"author":[{"embeddable":true,"href":"https:\/\/max-prop.info\/site\/wp-json\/wp\/v2\/users\/1"}],"replies":[{"embeddable":true,"href":"https:\/\/max-prop.info\/site\/wp-json\/wp\/v2\/comments?post=4565"}],"version-history":[{"count":9,"href":"https:\/\/max-prop.info\/site\/wp-json\/wp\/v2\/pages\/4565\/revisions"}],"predecessor-version":[{"id":4716,"href":"https:\/\/max-prop.info\/site\/wp-json\/wp\/v2\/pages\/4565\/revisions\/4716"}],"wp:attachment":[{"href":"https:\/\/max-prop.info\/site\/wp-json\/wp\/v2\/media?parent=4565"}],"curies":[{"name":"wp","href":"https:\/\/api.w.org\/{rel}","templated":true}]}}