{"id":3908,"date":"2011-10-20T18:21:47","date_gmt":"2011-10-20T18:21:47","guid":{"rendered":"http:\/\/max-prop.info\/site\/?page_id=3908"},"modified":"2021-01-13T19:06:06","modified_gmt":"2021-01-13T18:06:06","slug":"condiciones-de-la-venta","status":"publish","type":"page","link":"https:\/\/max-prop.info\/site\/condiciones-de-la-venta\/","title":{"rendered":"Condiciones de la venta"},"content":{"rendered":"<p>Las H\u00e9lices Max Prop son productos hechos a medida. Dadas las caracter\u00edsticas del producto, Mar de Sirius SL distribuye los productos Max-Prop bajo las siguientes condiciones:<\/p>\n<p>1.- El cliente debe rellenar el formulario de recogida de datos sobre los cuales se calcula la h\u00e9lice apropiada para su embarcaci\u00f3n. De la veracidad y exactitud de esos datos depende la calidad del resultado final. El cliente es totalmente responsable. Cualquier dato no reflejado podr\u00e1 ser estimado por el fabricante utilizando las bases de datos de que dispone con la informaci\u00f3n de las embarcaciones m\u00e1s habituales en el mercado.<\/p>\n<p>2.- Mar de Sirius SL remite una factura pro-forma al cliente final con el importe total de la h\u00e9lice. Para poder formalizar el pedido es necesario el pago del 100% por anticipado.<\/p>\n<p>3.- El plazo de entrega es de 30 d\u00edas a contar a partir de la fecha que se efect\u00faa el pago. La forma de pago es mediante transferencia bancaria.<\/p>\n<p>4.- Como objetos hechos a medida, en las h\u00e9lices Max Prop no se permiten devoluciones.<\/p>\n<p>5.- Las Max Prop se sirven con un manual de instrucciones que deber\u00e1 leer atentamente antes de montarla sobre su embarcaci\u00f3n. Se recomienda adem\u00e1s ensamblar la h\u00e9lice un par de veces antes de montarla sobre su embarcaci\u00f3n.<\/p>\n<p>6.-\u00a0Max Prop se compromete en reparar y sustituir de manera gratuita las piezas originales de la h\u00e9lice que resulten da\u00f1adas por alg\u00fan defecto de fabricaci\u00f3n o de materiales. No se contempla bajo ning\u00fan concepto un reembolso total o parcial del importe de la h\u00e9lice por ning\u00fan motivo. La garant\u00eda de Max Prop se limita por tanto, y exclusivamente, a la reparaci\u00f3n o sustituci\u00f3n gratuita de la h\u00e9lice defectuosa, en ning\u00fan caso se hace responsable del pago de otros da\u00f1os o gastos, sea cual sea su naturaleza.<\/p>\n<p>7.- En cumplimiento de la Ley Org\u00e1nica 15\/1999, de 13 de diciembre, de Protecci\u00f3n de Datos de Car\u00e1cter Personal, le comunicamos que facilite al hacer un pedido pasar\u00e1 a formar parte de los ficheros automatizados de Mar de Sirius SL, con la finalidad de la comercializaci\u00f3n y venta de productos relacionados con actividades n\u00e1uticas. As\u00ed mismo, da su consentimiento para el tratamiento automatizado de los datos facilitados. Tiene derecho a acceder a esta informaci\u00f3n y cancelarla o rectificarla, dirigi\u00e9ndose al domicilio de la entidad, en Av. Del Oest, 28-2 de Valencia. Esta entidad le garantiza la adopci\u00f3n de las medidas oportunas para asegurar el tratamiento confidencial de dichos datos.<\/p>\n","protected":false},"excerpt":{"rendered":"<p>Las H\u00e9lices Max Prop son productos hechos a medida. Dadas las caracter\u00edsticas del producto, Mar de Sirius SL distribuye los productos Max-Prop bajo las siguientes condiciones: 1.- El cliente debe rellenar el formulario de recogida de datos sobre los cuales se calcula la h\u00e9lice apropiada para su embarcaci\u00f3n. De la veracidad y exactitud de esos [&hellip;]<\/p>\n","protected":false},"author":1,"featured_media":0,"parent":0,"menu_order":0,"comment_status":"closed","ping_status":"closed","template":"","meta":{"footnotes":""},"_links":{"self":[{"href":"https:\/\/max-prop.info\/site\/wp-json\/wp\/v2\/pages\/3908"}],"collection":[{"href":"https:\/\/max-prop.info\/site\/wp-json\/wp\/v2\/pages"}],"about":[{"href":"https:\/\/max-prop.info\/site\/wp-json\/wp\/v2\/types\/page"}],"author":[{"embeddable":true,"href":"https:\/\/max-prop.info\/site\/wp-json\/wp\/v2\/users\/1"}],"replies":[{"embeddable":true,"href":"https:\/\/max-prop.info\/site\/wp-json\/wp\/v2\/comments?post=3908"}],"version-history":[{"count":7,"href":"https:\/\/max-prop.info\/site\/wp-json\/wp\/v2\/pages\/3908\/revisions"}],"predecessor-version":[{"id":4717,"href":"https:\/\/max-prop.info\/site\/wp-json\/wp\/v2\/pages\/3908\/revisions\/4717"}],"wp:attachment":[{"href":"https:\/\/max-prop.info\/site\/wp-json\/wp\/v2\/media?parent=3908"}],"curies":[{"name":"wp","href":"https:\/\/api.w.org\/{rel}","templated":true}]}}